55314?
2, 3, 4561, 54979
What are the prime factors of 365775227?
41, 709, 12583
List the prime factors of 1996312321.
1996312321
List the prime factors of 62953338.
2, 3, 7, 233, 919
What are the prime factors of 69218220?
2, 3, 5, 17, 79, 859
What are the prime factors of 908584460?
2, 5, 7, 241, 3847
List the prime factors of 69653916.
2, 3, 41, 1151
What are the prime factors of 173769453?
3, 11, 13, 135019
List the prime factors of 36829787.
61, 179, 3373
List the prime factors of 5428648113.
3, 7, 1019, 36241
List the prime factors of 165847247.
165847247
List the prime factors of 1096496691.
3, 31, 673, 17519
List the prime factors of 3064266462.
2, 3, 3121, 163637
List the prime factors of 35430765.
3, 5, 41, 53, 1087
List the prime factors of 104427392.
2, 43, 18973
List the prime factors of 2197200057.
3, 13, 56338463
List the prime factors of 434862582.
2, 3, 7, 11, 193, 4877
What are the prime factors of 292639063?
139, 2105317
List the prime factors of 13011890.
2, 5, 431, 3019
What are the prime factors of 1159341324?
2, 3, 73, 769, 1721
What are the prime factors of 1506912456?
2, 3, 7, 8969717
List the prime factors of 348159963.
3, 2393, 48497
What are the prime factors of 1981345880?
2, 5, 61, 71, 11437
What are the prime factors of 60060855?
3, 5, 4004057
List the prime factors of 82446925.
5, 11, 299807
List the prime factors of 85765458.
2, 3, 607, 23549
List the prime factors of 52936839.
3, 571, 10301
What are the prime factors of 243131517?
3, 41, 47, 4673
What are the prime factors of 3194220084?
2, 3, 11, 43, 562759
What are the prime factors of 882209191?
31, 28458361
List the prime factors of 4323924039.
3, 43, 251, 133541
What are the prime factors of 16423405?
5, 3284681
What are the prime factors of 49692544?
2, 11, 29, 1217
What are the prime factors of 3043723213?
3043723213
List the prime factors of 2060905376.
2, 17, 19, 43, 4637
What are the prime factors of 21511853?
11, 47, 41609
List the prime factors of 129490695.
3, 5, 2877571
List the prime factors of 31815789.
3, 17, 623839
What are the prime factors of 39764475?
3, 5, 31, 5701
List the prime factors of 937477280.
2, 5, 61, 96053
What are the prime factors of 4146715030?
2, 5, 3557, 116579
List the prime factors of 5326677202.
2, 7, 11, 43, 114913
What are the prime factors of 28528951?
11, 971, 2671
List the prime factors of 3702107168.
2, 115690849
List the prime factors of 7789397291.
13, 71, 8439217
What are the prime factors of 238849433?
238849433
List the prime factors of 1785358324.
2, 31, 14398051
What are the prime factors of 228954284?
2, 13, 487, 9041
What are the prime factors of 633381470?
2, 5, 389, 162823
List the prime factors of 209256515.
5, 13, 3219331
What are the prime factors of 64852042?
2, 17, 23, 127, 653
What are the prime factors of 125583846?
2, 3, 37, 15289
What are the prime factors of 4105550367?
3, 16895269
What are the prime factors of 103675053?
3, 23, 127, 11831
What are the prime factors of 3106585?
5, 621317
List the prime factors of 377195299.
13, 4421, 6563
What are the prime factors of 228131079?
3, 11, 1487, 4649
List the prime factors of 63659984.
2, 3978749
What are the prime factors of 1676481980?
2, 5, 83824099
What are the prime factors of 341587958?
2, 43, 71, 1301
List the prime factors of 1821742895.
5, 7, 19, 659, 4157
List the prime factors of 2708880769.
7, 1877, 29453
List the prime factors of 64717857.
3, 19, 378467
What are the prime factors of 3470438244?
2, 3, 7, 13, 3178057
What are the prime factors of 729507435?
3, 5, 48633829
List the prime factors of 1364709643.
11, 379, 327347
List the prime factors of 349757764.
2, 773, 113117
List the prime factors of 940134580.
2, 5, 7, 11, 87211
List the prime factors of 6151115.
5, 1230223
List the prime factors of 1003575412.
2, 7, 35841979
List the prime factors of 90681314.
2, 45340657
What are the prime factors of 43230496?
2, 521, 2593
What are the prime factors of 56793112?
2, 97, 163, 449
List the prime factors of 34263618.
2, 3, 31, 41, 4493
List the prime factors of 3118061609.
13, 239850893
What are the prime factors of 90470687?
1097, 82471
List the prime factors of 54469099.
47, 107, 10831
What are the prime factors of 3474166264?
2, 19, 89, 256813
What are the prime factors of 21881913?
3, 7293971
What are the prime factors of 202171105?
5, 40434221
List the prime factors of 292632987.
3, 8963, 10883
What are the prime factors of 2892028049?
17, 170119297
What are the prime factors of 4011194798?
2, 13, 29, 683, 7789
What are the prime factors of 2428975423?
7, 41, 172721
What are the prime factors of 974967093?
3, 1033, 104869
What are the prime factors of 5683960281?
3, 1894653427
What are the prime factors of 7491447699?
3, 19, 131428907
What are the prime factors of 573058549?
7, 43, 227, 8387
List the prime factors of 1068422202.
2, 3, 659, 90071
List the prime factors of 160883100.
2, 3, 5, 7, 25537
What are the prime factors of 52900566?
2, 3, 17, 659, 787
What are the prime factors of 4098351568?
2, 17, 887, 16987
What are the prime factors of 156386278?
2, 107, 730777
List the prime factors of 152491783.
10723, 14221
What are the prime factors of 861645333?
3, 1123, 255757
List the prime factors of 224596815.
3, 5, 19, 61, 12919
List the prime factors of 273018984.
2, 3, 7, 31, 7489
List the prime factors of 94753623.
3, 31584541
List the prime factors of 1541308406.
2, 11, 31, 205453
What are the prime factors of 7778766538?
2, 227, 17133847
List the prime factors of 418867649.
73, 659, 8707
List the prime factors of 1297139648.
2, 7, 23, 125887
List the prime factors of 41053673.
673, 61001
List the prime factors of 2249848923.
3, 7, 71, 1508953
What are the prime factors of 21569578?
2, 67, 160967
What are the prime factors of 47792485?
5, 13, 53, 13873
What are the prime factors of 1338894428?
2, 71, 4714417
List the prime factors of 229933860.
2, 3, 5, 13, 294787
What are the prime factors of 1853592932?
2, 73, 6347921
What are the prime factors of 21884168?
2, 17, 37, 4349
List the prime factors of 276639734.
2, 7, 19, 1039999
What are the prime factors of 77651989?
199, 390211
List the prime factors of 3476964099.
3, 7, 103, 229639
What are the prime factors of 206580531?
3, 68860177
List the prime factors of 301917561.
3, 11, 73, 125329
What are the prime factors of 915885438?
2, 3, 13, 17, 23, 59, 509
What are the prime factors of 248894419?
9293, 26783
What are the prime factors of 1057440048?
2, 3, 7, 3147143
What are the prime factors of 138557888?
2, 7, 17, 23, 113
What are the prime factors of 374807476?
2, 93701869
What are the prime factors of 677155256?
2, 7457, 11351
List the prime factors of 45446755.
5, 2789, 3259
What are the prime factors of 14490860?
2, 5, 181, 4003
List the prime factors of 291901347.
3, 10811161
List the prime factors of 90746886.
2, 3, 15124481
List the prime factors of 176907236.
2, 11, 17, 236507
What are the prime factors of 520766413?
520766413
List the prime factors of 35716360.
2, 5, 67, 13327
What are the prime factors of 1417906202?
2, 1051, 674551
What are the prime factors of 120739095?
3, 5, 401, 6691
What are the prime factors of 916355643?
3, 7, 227, 192229
List the prime factors of 1813240626.
2, 3, 302206771
List the prime factors of 4893708104.
2, 611713513
What are the prime factors of 51218044?
2, 257, 49823
What are the prime factors of 4316253?
3, 1438751
What are the prime factors of 52791284?
2, 7, 13, 145031
List the prime factors of 2067405049.
4583, 451103
List the prime factors of 75097183.
7, 10728169
List the prime factors of 46630942.
2, 23315471
What are the prime factors of 51451957?
51451957
List the prime factors of 12801840.
2, 3, 5, 41, 1301
List the prime factors of 20833360.
2, 5, 260417
List the prime factors of 250991464.
2, 53, 101, 5861
List the prime factors of 274585204.
2, 68646301
What are the prime factors of 49451256?
2, 3, 179, 1279
List the prime factors of 1968765.
3, 5, 131251
List the prime factors of 2313382641.
3, 191, 1747, 2311
What are the prime factors of 69457634?
2, 47, 109, 6779
What are the prime factors of 2066361160?
2, 5, 181, 269, 1061
List the prime factors of 3109961514.
2, 3, 11, 23, 2048723
What are the prime fac